
False
Does 506 divide 146015914?
True
Is 2339 a factor of 9561832?
True
Does 5 divide 243758770?
True
Is 14 a factor of 67480798?
True
Is 65 a factor of 21753708?
False
Is 275 a factor of 46022900?
True
Is 79400572 a multiple of 1074?
False
Is 308 a factor of 21380128?
True
Is 391 a factor of 69856842?
True
Is 139 a factor of 793625143?
False
Does 21 divide 206731192?
False
Is 228 a factor of 833444424?
True
Does 735 divide 6678210?
True
Is 934 a factor of 186772674?
False
Is 488 a factor of 181125104?
True
Does 883 divide 71404040?
False
Does 15 divide 165907665?
True
Is 6 a factor of 9434592?
True
Is 774 a factor of 177108228?
True
Is 187 a factor of 3309722537?
True
Does 5097 divide 79533588?
True
Does 44 divide 306510952?
True
Is 257 a factor of 25679697?
True
Is 5 a factor of 187528465?
True
Is 2926 a factor of 89742203?
False
Is 138834726 a multiple of 156?
False
Is 3398 a factor of 146050459?
False
Is 643 a factor of 1466167314?
True
Does 529 divide 91164067?
False
Is 27237046 a multiple of 484?
False
Is 47 a factor of 1199977644?
False
Is 27311102 a multiple of 14?
True
Does 1044 divide 185465532?
False
Is 87245007 a multiple of 2811?
True
Is 37 a factor of 611807949?
False
Does 42 divide 54044844?
True
Does 2063 divide 67334257?
True
Does 31 divide 1524828?
True
Does 869 divide 290381564?
True
Is 3 a factor of 40537433?
False
Does 5 divide 1953930?
True
Is 351779459 a multiple of 125?
False
Is 13 a factor of 2783800305?
True
Does 236 divide 152105795?
False
Is 22151670 a multiple of 465?
True
Does 132 divide 227703?
False
Does 8 divide 6973676?
False
Is 60049665 a multiple of 897?
True
Is 52784750 a multiple of 1061?
True
Does 1259 divide 1381045872?
False
Is 2527973304 a multiple of 12?
True
Does 13 divide 5908448?
True
Is 827 a factor of 125994277?
True
Is 394770072 a multiple of 103?
False
Is 124 a factor of 126121888?
True
Is 142 a factor of 85177721?
False
Does 191 divide 454489330?
False
Does 21 divide 74975218?
False
Is 386 a factor of 23624649?
False
Does 15 divide 5306223645?
True
Does 22 divide 58507702?
True
Is 1052613556 a multiple of 1327?
True
Is 523479 a multiple of 11?
True
Is 4 a factor of 730053124?
True
Is 35 a factor of 604700285?
True
Is 135723572 a multiple of 398?
True
Is 835122893 a multiple of 39?
False
Is 609 a factor of 176924244?
True
Does 3 divide 5804692?
False
Does 816 divide 12983708?
False
Is 150 a factor of 46221900?
True
Does 2201 divide 25467192?
False
Is 50216149 a multiple of 1180?
False
Does 3047 divide 414867332?
True
Is 1332 a factor of 188423388?
True
Is 7 a factor of 369537?
True
Is 1750 a factor of 13905500?
True
Is 19 a factor of 198470866?
False
Is 136585532 a multiple of 28?
False
Does 7804 divide 884817520?
True
Is 7388 a factor of 1892822716?
False
Is 4 a factor of 268670272?
True
Is 233 a factor of 85831009?
False
Is 2005 a factor of 2233772289?
False
Is 296 a factor of 91521774?
False
Is 2140627984 a multiple of 1966?
True
Does 26 divide 26534404?
True
Is 16539132 a multiple of 12?
True
Does 423 divide 14782581?
True
Is 33 a factor of 74653590?
True
Is 4282694 a multiple of 23?
False
Does 321 divide 178827495?
True
Does 8 divide 8209880?
True
Does 1694 divide 58768119?
False
Is 583031949 a multiple of 17?
True
Does 4023 divide 527959384?
False
Does 2 divide 4573708?
True
Is 7 a factor of 329232253?
True
Is 372751731 a multiple of 759?
True
Is 1205328531 a multiple of 81?
False
Is 82 a factor of 1369429588?
False
Is 12 a factor of 17316192?
True
Is 1128670026 a multiple of 15?
False
Is 5 a factor of 19901435?
True
Is 321240420 a multiple of 180?
True
Does 1368 divide 282913860?
False
Is 3961 a factor of 1543371962?
True
Is 398262312 a multiple of 24?
True
Is 1498 a factor of 291616508?
False
Does 471 divide 534069817?
False
Does 84 divide 3638367011?
False
Does 58 divide 33919881?
False
Is 5303960 a multiple of 4?
True
Does 6 divide 38981042?
False
Is 711609878 a multiple of 38?
False
Is 1985 a factor of 86999606?
False
Is 22 a factor of 45713162?
True
Is 1067028206 a multiple of 6505?
False
Is 862652188 a multiple of 30?
False
Is 986 a factor of 744249626?
False
Is 412397078 a multiple of 30?
False
Does 51 divide 17789704?
False
Does 6 divide 498855866?
False
Is 63874440 a multiple of 2840?
True
Is 38 a factor of 781112420?
True
Is 176 a factor of 4892746?
False
Is 410615205 a multiple of 667?
True
Is 17 a factor of 559834922?
True
Does 466 divide 116202500?
False
Is 531 a factor of 61742256?
False
Is 3374 a factor of 314679484?
True
Is 33 a factor of 67578291?
True
Is 88 a factor of 160998813?
False
Does 863 divide 7376924?
True
Does 7 divide 46290055?
True
Is 535421061 a multiple of 21?
True
Is 11 a factor of 58116605?
False
Is 11256208 a multiple of 2?
True
Does 918 divide 42477442?
False
Is 177551100 a multiple of 3541?
False
Does 71 divide 2565415?
False
Is 306219307 a multiple of 14?
False
Does 42 divide 56947674?
True
Is 1284867661 a multiple of 407?
True
Is 161 a factor of 265549542?
False
Is 1284050373 a multiple of 1009?
True
Is 13 a factor of 114277722?
True
Is 363912192 a multiple of 1792?
True
Does 69 divide 6118102?
False
Is 6273996132 a multiple of 204?
True
Is 155 a factor of 22959255?
False
Is 6 a factor of 86208?
True
Does 18 divide 2159813646?
True
Is 13350238 a multiple of 22?
True
Is 43935700 a multiple of 20?
True
Is 256902912 a multiple of 672?
True
Is 122744340 a multiple of 6?
True
Is 100 a factor of 6269400?
True
Is 150300073 a multiple of 27?
False
Does 361 divide 191298789?
False
Does 42 divide 473703138?
False
Is 16 a factor of 32400346?
False
Is 2367427330 a multiple of 2417?
True
Is 5222485122 a multiple of 589?
True
Is 4794465 a multiple of 115?
True
Is 2192996850 a multiple of 11?
True
Does 66 divide 14753046?
True
Is 619336134 a multiple of 1505?
False
Is 188 a factor of 578486886?
False
Is 147756150 a multiple of 45?
True
Is 45 a factor of 15293455?
False
Is 824 a factor of 195395120?
True
Is 33647131 a multiple of 50?
False
Is 1258332730 a multiple of 890?
True
Is 76 a factor of 143700370?
False
Does 12 divide 175717861?
False
Does 282 divide 28465967?
False
Does 170 divide 14329235?
False
Is 76333202 a multiple of 13?
False
Is 35300246 a multiple of 225?
False
Is 129 a factor of 14034277?
False
Is 5381 a factor of 778435797?
False
Does 14 divide 946818?
False
Does 3203 divide 15300731?
True
Is 14 a factor of 34247411?
False
Is 1386 a factor of 74218443?
False
Is 142383194 a multiple of 5208?
False
Does 349 divide 18032481?
True
Does 800 divide 1701592?
False
Is 110193794 a multiple of 131?
True
Does 14 divide 8949283?
False
Is 458 a factor of 127089046?
True
Does 429 divide 59353008?
True
Is 291818732 a multiple of 538?
True
Is 209 a factor of 1454228270?
True
Is 11 a factor of 35955007?
True
Does 529 divide 209993956?
True
Is 25 a factor of 921425?
True
Does 4 divide 11692?
True
Does 2960 divide 211142720?
True
Is 1029461640 a multiple of 5766?
True
Is 63 a factor of 3696147?
True
Is 6 a factor of 5272596?
True
Does 94 divide 38080246?
True
Is 407555304 a multiple of 104?
True
Is 779 a factor of 1387513928?
False
Is 1948 a factor of 90291928?
False
Is 59995114 a multiple of 6?
False
Does 20 divide 80065620?
True
Is 19363165 a multiple of 7?
False
Is 349568520 a multiple of 4?
True
Is 1164840189 a multiple of 20?
False
Is 660005875 a multiple of 337?
False
Is 3650534022 a multiple of 151?
True
Is 3127814864 a multiple of 9872?
True
Is 28196290 a multiple of 11?
False
Is 519910267 a multiple of 176?
False
Is 19 a factor of 2733957?
False
Does 5 divide 242037015?
True
Does 71 divide 5331603?
True
Does 414 divide 83335078?
False
Is 255784012 a multiple of 394?
True
Is 212 a factor of 16171784?
True
Is 381676746 a multiple of 33?
True
Is 72 a factor of 85006512?
True
Does 107 divide 29041084?
True
Is 9 a factor of 2438288394?
False
Is 47594730 a multiple of 101?
False
Is 74928978 a multiple of 87?
False
Does 4 divide 857333?
False
Does 1807 divide 1205154103?
False
Is 15 a factor of 8127765?
True
Is 12550 a factor of 650918300?
True
Is 13 a factor of 531971323?
True
Is 425590908 a multiple of 12?
True
Is 1839937506 a multiple of 102?
True
Is 4 a factor of 89629065?
False
Is 21533413 a multiple of 9?
False
Does 20 divide 910960?
True
Is 10 a facto